{"id":534,"date":"2013-08-19T13:51:35","date_gmt":"2013-08-19T13:51:35","guid":{"rendered":"http:\/\/www.exited.de\/pub\/?page_id=534"},"modified":"2013-08-19T13:51:35","modified_gmt":"2013-08-19T13:51:35","slug":"e-mail-verschlusselung","status":"publish","type":"page","link":"https:\/\/www.exited.de\/?page_id=534","title":{"rendered":"E-Mail-Verschl\u00fcsselung"},"content":{"rendered":"<p>Sch\u00fctzen Sie Ihre Daten und die Ihrer Kunden!<br \/>\nWir unterst\u00fctzen Sie mit professionellen L\u00f6sungen zur Festplatten- und Serververschl\u00fcsselung.<\/p>\n<p>Au\u00dferdem sind wir Partner von Zertificon, einem der f\u00fchrenden Herstellern f\u00fcr E-Mailverschl\u00fcsselung. Ihre E-Mails werden vollautomatisch mit dem PGP oder S\/Mime-Standard ver- und entschl\u00fcsselt. Ohne Benutzerinteraktion und mit voller Integration aller Endger\u00e4te wie PC, Laptop, Blackberry oder IPhone.<\/p>\n<p><img decoding=\"async\" class=\"aligncenter\" src=\"https:\/\/www.exited.de\/Bilder\/email-encryption-gateway-222.gif\" alt=\"email-encryption-gateway\" \/><\/p>\n<p>Z1 SecureMail Gateway bietet E-Mail Verschl\u00fcsselung und digitale Signaturen f\u00fcr firmenweite E-Mail Sicherheit gegen Industriespionage und zur Einhaltung von gesetzlichen Vorgaben zum Datenschutz. Dies wird gew\u00e4hrleistet, ohne dass Mitarbeiter in ihrer t\u00e4glichen Arbeit durch zus\u00e4tzliche Anforderungen beeintr\u00e4chtigt werden!<\/p>\n<p>Das Gateway arbeitet als zentrale virtuelle Poststelle, die eingehende Post \u00f6ffnet und ausgehende Sendungen kuvertiert. E-Mails werden verschl\u00fcsselt, entschl\u00fcsselt und signiert bzw. deren elektronische Signaturen validiert. Auff\u00e4llige Sendungen werden gegebenenfalls blockiert und entsprechende Benachrichtigungen versandt. Dies erfolgt nach einem flexibel anpassbaren Regelwerk, den Security-Policies, welche vollst\u00e4ndig zentral \u00fcber eine browser-basierte Administrationsoberfl\u00e4che konfiguriert werden.<\/p>\n<p>Die Mitarbeiter senden und empfangen E-Mails wie gewohnt. Zus\u00e4tzlich kann f\u00fcr interne Nutzer die Verschl\u00fcsselung und Signatur von E-Mails direkt am Client aktiviert werden.<\/p>\n","protected":false},"excerpt":{"rendered":"<p>Sch\u00fctzen Sie Ihre Daten und die Ihrer Kunden! Wir unterst\u00fctzen Sie mit professionellen L\u00f6sungen zur Festplatten- und Serververschl\u00fcsselung. Au\u00dferdem sind wir Partner von Zertificon, einem der f\u00fchrenden Herstellern f\u00fcr E-Mailverschl\u00fcsselung. Ihre E-Mails werden vollautomatisch mit dem PGP oder S\/Mime-Standard ver- und entschl\u00fcsselt. Ohne Benutzerinteraktion und mit voller Integration aller Endger\u00e4te wie PC, Laptop, Blackberry oder<a href=\"https:\/\/www.exited.de\/?page_id=534\" class=\"read-more\">Continue Reading<\/a><\/p>\n","protected":false},"author":1,"featured_media":0,"parent":0,"menu_order":0,"comment_status":"closed","ping_status":"closed","template":"","meta":{"_monsterinsights_skip_tracking":false,"_monsterinsights_sitenote_active":false,"_monsterinsights_sitenote_note":"","_monsterinsights_sitenote_category":0,"footnotes":""},"class_list":["post-534","page","type-page","status-publish","hentry"],"_links":{"self":[{"href":"https:\/\/www.exited.de\/index.php?rest_route=\/wp\/v2\/pages\/534","targetHints":{"allow":["GET"]}}],"collection":[{"href":"https:\/\/www.exited.de\/index.php?rest_route=\/wp\/v2\/pages"}],"about":[{"href":"https:\/\/www.exited.de\/index.php?rest_route=\/wp\/v2\/types\/page"}],"author":[{"embeddable":true,"href":"https:\/\/www.exited.de\/index.php?rest_route=\/wp\/v2\/users\/1"}],"replies":[{"embeddable":true,"href":"https:\/\/www.exited.de\/index.php?rest_route=%2Fwp%2Fv2%2Fcomments&post=534"}],"version-history":[{"count":12,"href":"https:\/\/www.exited.de\/index.php?rest_route=\/wp\/v2\/pages\/534\/revisions"}],"predecessor-version":[{"id":548,"href":"https:\/\/www.exited.de\/index.php?rest_route=\/wp\/v2\/pages\/534\/revisions\/548"}],"wp:attachment":[{"href":"https:\/\/www.exited.de\/index.php?rest_route=%2Fwp%2Fv2%2Fmedia&parent=534"}],"curies":[{"name":"wp","href":"https:\/\/api.w.org\/{rel}","templated":true}]}}