{"id":435,"date":"2011-10-26T10:29:51","date_gmt":"2011-10-26T10:29:51","guid":{"rendered":"http:\/\/www.exited.de\/pub\/?page_id=435"},"modified":"2013-08-19T14:02:36","modified_gmt":"2013-08-19T14:02:36","slug":"videouberwachung","status":"publish","type":"page","link":"https:\/\/www.exited.de\/?page_id=435","title":{"rendered":"Video\u00fcberwachung"},"content":{"rendered":"<p>Die physikalische Geb\u00e4udesicherheit spielt bei vielen unserer Kunden eine immer gr\u00f6\u00dfere Rolle. Wir sorgen mit modernsten Video\u00fcberwachungsl\u00f6sungen f\u00fcr beste Sicherheit.<\/p>\n<ul>\n<li>Videokameras f\u00fcr jeden Zweck (von analogen Kameras bis hin zu modernsten digitalen Video Kameras mit automatischer Tag-\/Nacht-Umschaltung, Autofocus, Autozoom, schwenk- und neigbar, Bewegungserkennung und Ton\u00fcbertragung)<\/li>\n<li>Daten\u00fcbertragung \u00fcber gew\u00f6hnliches Koaxialkabel, Datenleitung (vorhandenes Netzwerk mit gleichzeitiger Stromversorgung) oder Funk<\/li>\n<li>Infrarotausleuchtung<\/li>\n<li>permanente Aufzeichungen, Aufzeichung nach Zeit oder\u00a0bei Bewegung\/Ton<\/li>\n<li>\u00dcbertragung des Live-Bildes auf Ihr Smartphone<\/li>\n<\/ul>\n<p>&nbsp;<\/p>\n<ul><\/ul>\n","protected":false},"excerpt":{"rendered":"<p>Die physikalische Geb\u00e4udesicherheit spielt bei vielen unserer Kunden eine immer gr\u00f6\u00dfere Rolle. Wir sorgen mit modernsten Video\u00fcberwachungsl\u00f6sungen f\u00fcr beste Sicherheit. Videokameras f\u00fcr jeden Zweck (von analogen Kameras bis hin zu modernsten digitalen Video Kameras mit automatischer Tag-\/Nacht-Umschaltung, Autofocus, Autozoom, schwenk- und neigbar, Bewegungserkennung und Ton\u00fcbertragung) Daten\u00fcbertragung \u00fcber gew\u00f6hnliches Koaxialkabel, Datenleitung (vorhandenes Netzwerk mit gleichzeitiger Stromversorgung)<a href=\"https:\/\/www.exited.de\/?page_id=435\" class=\"read-more\">Continue Reading<\/a><\/p>\n","protected":false},"author":1,"featured_media":0,"parent":7,"menu_order":0,"comment_status":"open","ping_status":"closed","template":"","meta":{"_monsterinsights_skip_tracking":false,"_monsterinsights_sitenote_active":false,"_monsterinsights_sitenote_note":"","_monsterinsights_sitenote_category":0,"footnotes":""},"class_list":["post-435","page","type-page","status-publish","hentry"],"_links":{"self":[{"href":"https:\/\/www.exited.de\/index.php?rest_route=\/wp\/v2\/pages\/435","targetHints":{"allow":["GET"]}}],"collection":[{"href":"https:\/\/www.exited.de\/index.php?rest_route=\/wp\/v2\/pages"}],"about":[{"href":"https:\/\/www.exited.de\/index.php?rest_route=\/wp\/v2\/types\/page"}],"author":[{"embeddable":true,"href":"https:\/\/www.exited.de\/index.php?rest_route=\/wp\/v2\/users\/1"}],"replies":[{"embeddable":true,"href":"https:\/\/www.exited.de\/index.php?rest_route=%2Fwp%2Fv2%2Fcomments&post=435"}],"version-history":[{"count":7,"href":"https:\/\/www.exited.de\/index.php?rest_route=\/wp\/v2\/pages\/435\/revisions"}],"predecessor-version":[{"id":549,"href":"https:\/\/www.exited.de\/index.php?rest_route=\/wp\/v2\/pages\/435\/revisions\/549"}],"up":[{"embeddable":true,"href":"https:\/\/www.exited.de\/index.php?rest_route=\/wp\/v2\/pages\/7"}],"wp:attachment":[{"href":"https:\/\/www.exited.de\/index.php?rest_route=%2Fwp%2Fv2%2Fmedia&parent=435"}],"curies":[{"name":"wp","href":"https:\/\/api.w.org\/{rel}","templated":true}]}}