{"id":16,"date":"2011-01-13T07:31:13","date_gmt":"2011-01-13T07:31:13","guid":{"rendered":"http:\/\/www.exited.de\/pub\/?page_id=16"},"modified":"2011-10-26T21:50:03","modified_gmt":"2011-10-26T21:50:03","slug":"our-history","status":"publish","type":"page","link":"https:\/\/www.exited.de\/?page_id=16","title":{"rendered":"Virtualisierung"},"content":{"rendered":"<h5>Was genau versteht man unter Virtualisierung?<\/h5>\n<div class=\"wrapper\"><img loading=\"lazy\" decoding=\"async\" class=\"alignleft size-full wp-image-236\" title=\"pic-17\" src=\"https:\/\/www.exited.de\/pub\/wp-content\/uploads\/2011\/01\/pic-18.jpg\" alt=\"\" width=\"185\" height=\"123\" \/>Die permanente Weitereinwicklung von Computern bringt immer leistungsf\u00e4higere Maschinen mit sich. Aus logischen und sicherheitsrelevanten Gr\u00fcnden wurden die verschiedenen ben\u00f6tigten Serverapplikationen auf unterschiedlichen Maschinen installiert. Diese sind die meiste Zeit nicht ausgelastet und generieren beachtliche Summen Kosten (neben der Anschaffung auch Unterhalt wie z.B. Strom, Wartung, Klimatisierung, USV, etc).<\/div>\n<div>Die Idee der Virtualisierung besteht nun hierin, durch den Einsatz einer speziellen Virtualisierungssoftware die vorhandenen Ger\u00e4te besser auszulasten, indem mehrere einzelne -voneinander unabh\u00e4ngige- Server auf einer physikalischen Maschine betrieben werden. Einsparm\u00f6glichkeiten von 50% sind die Regel!<\/div>\n<div>\n<p>Am Beispiel einer Steuerberatungskanzlei wird das Einsparpotential deutlich, unsere Beispiel-Kanzlei ist mit f\u00fcnf Servern ausgestattet:<\/p>\n<\/div>\n<div>\n<p><div style=\"padding-left: 30px;\">\u00b7 einem Dom\u00e4nencontroller (Benutzerverwaltung und kleinere Dienste zB. Drucken)<\/div>\n<div style=\"padding-left: 30px;\">\u00b7          einem File- und Datenbankserver (h\u00e4lt die eigentlichen Produktivdaten bereit)<\/div>\n<div style=\"padding-left: 30px;\">\u00b7          einem E-Mail- \/ Kommunikationsserver<\/div>\n<div style=\"padding-left: 30px;\">\u00b7          einem Blackberryserver<\/div>\n<div style=\"padding-left: 30px;\">\u00b7          einem Terminalserver (stellt die Rechenleistung f\u00fcr die ThinClients zur Verf\u00fcgung)<\/div>\n<div style=\"padding-left: 30px;\">\u00b7          diversen \u201eKleinger\u00e4ten\u201c (Datensicherungslaufwerk, USV, Monitorumschalter)<\/div>\n<div style=\"padding-left: 30px;\">\u00b7          einer Klimaanlage<\/div>\n<\/p>\n<div>\n<div><strong>Durch den Einsatz der Virtualisierungstechnologie werden alleine 60% der Servermaschinen eingespart,<\/strong> da lediglich zwei Maschinen zum Einsatz kommen:<\/div>\n<p><div style=\"padding-left: 30px;\">\u00b7          Maschine 1 stellt drei virtuelle Server zur Verf\u00fcgung (Domaincontroller, File-, Kommunikations- und Blackberryserver)<\/div>\n<div style=\"padding-left: 30px;\">\u00b7          Maschine 2 wird als Terminalserver betrieben.<\/div>\n<\/p>\n<div>\n<div>Die indirekten Kosten wie Stromverbrauch, Servicevertr\u00e4ge\/Wartungsaufwand, Vorhalten von R\u00e4umlichkeiten etc. sind noch nicht ber\u00fccksichtigt.<\/div>\n<div>\n<div>Ein wesentlicher Vorteil der Virtualisierung besteht nicht nur im Betrieb, sondern auch in der Skalierbarkeit, denn die virtuellen Maschinen k\u00f6nnen einfach auf neue Maschinen umgezogen werden, ohne dass daf\u00fcr eine Neuinstallation notwendig wird.<\/div>\n<\/div>\n<\/div>\n<\/div>\n<\/div>\n","protected":false},"excerpt":{"rendered":"<p>Was genau versteht man unter Virtualisierung? Die permanente Weitereinwicklung von Computern bringt immer leistungsf\u00e4higere Maschinen mit sich. Aus logischen und sicherheitsrelevanten Gr\u00fcnden wurden die verschiedenen ben\u00f6tigten Serverapplikationen auf unterschiedlichen Maschinen installiert. Diese sind die meiste Zeit nicht ausgelastet und generieren beachtliche Summen Kosten (neben der Anschaffung auch Unterhalt wie z.B. Strom, Wartung, Klimatisierung, USV, etc).<a href=\"https:\/\/www.exited.de\/?page_id=16\" class=\"read-more\">Continue Reading<\/a><\/p>\n","protected":false},"author":1,"featured_media":0,"parent":2,"menu_order":0,"comment_status":"open","ping_status":"open","template":"","meta":{"_monsterinsights_skip_tracking":false,"_monsterinsights_sitenote_active":false,"_monsterinsights_sitenote_note":"","_monsterinsights_sitenote_category":0,"footnotes":""},"class_list":["post-16","page","type-page","status-publish","hentry"],"_links":{"self":[{"href":"https:\/\/www.exited.de\/index.php?rest_route=\/wp\/v2\/pages\/16","targetHints":{"allow":["GET"]}}],"collection":[{"href":"https:\/\/www.exited.de\/index.php?rest_route=\/wp\/v2\/pages"}],"about":[{"href":"https:\/\/www.exited.de\/index.php?rest_route=\/wp\/v2\/types\/page"}],"author":[{"embeddable":true,"href":"https:\/\/www.exited.de\/index.php?rest_route=\/wp\/v2\/users\/1"}],"replies":[{"embeddable":true,"href":"https:\/\/www.exited.de\/index.php?rest_route=%2Fwp%2Fv2%2Fcomments&post=16"}],"version-history":[{"count":46,"href":"https:\/\/www.exited.de\/index.php?rest_route=\/wp\/v2\/pages\/16\/revisions"}],"predecessor-version":[{"id":240,"href":"https:\/\/www.exited.de\/index.php?rest_route=\/wp\/v2\/pages\/16\/revisions\/240"}],"up":[{"embeddable":true,"href":"https:\/\/www.exited.de\/index.php?rest_route=\/wp\/v2\/pages\/2"}],"wp:attachment":[{"href":"https:\/\/www.exited.de\/index.php?rest_route=%2Fwp%2Fv2%2Fmedia&parent=16"}],"curies":[{"name":"wp","href":"https:\/\/api.w.org\/{rel}","templated":true}]}}